{"id":125279,"date":"2020-10-20T22:27:50","date_gmt":"2020-10-20T22:27:50","guid":{"rendered":"https:\/\/genclercanta.com\/urunler\/manama-rucksack-in-marineblau\/"},"modified":"2020-10-20T22:27:50","modified_gmt":"2020-10-20T22:27:50","slug":"manama-rucksack-in-marineblau","status":"publish","type":"product","link":"https:\/\/genclercanta.com\/de\/urunler\/manama-rucksack-in-marineblau\/","title":{"rendered":"Manama Rucksack in Marineblau"},"content":{"rendered":"<p>Der neue MANAMA FUDELA ist aus strapazierf\u00e4higem, wasserdichtem Material gefertigt.<\/p>\n<p>Sein komfortables Material verf\u00fcgt \u00fcber eine r\u00fcckenschonende Zwischensohle und macht ihn ideal f\u00fcr Reisen, Arbeit und alle anderen Gelegenheiten.<\/p>\n<p>F\u00fcr den sicheren Transport Ihres Laptops gibt es ein separates Tabletfach und ein Laptopfach f\u00fcr Ger\u00e4te bis zu 15,6 Zoll. So ist Ihr Rucksack bestens gesch\u00fctzt. Ein Gurt im selben Fach fixiert Ihren Laptop, falls Sie mal mit dem Fahrrad zur Uni fahren m\u00f6chten.<\/p>\n<p>Zus\u00e4tzlich bieten zwei separate Innentaschen Platz f\u00fcr Ihre Notizb\u00fccher und B\u00fccher.<\/p>\n<p>\u2022 H\u00f6he: 48 cm, Breite: 30 cm, Tiefe: 15 cm<\/p>\n<p>\u2022 Unser Rucksack besteht aus einem gro\u00dfen Hauptfach.<\/p>\n<p>\u2022 Das Material ist wasserdichtes Polyester.<\/p>\n<p>\u2022 Es gibt ein Laptopfach f\u00fcr Ger\u00e4te bis zu 15,6 Zoll.<\/p>\n<p>\u2022 Es gibt ein Tabletfach.<\/p>\n<p>\u2022 Das Hauptfach verf\u00fcgt au\u00dferdem \u00fcber zwei separate Rei\u00dfverschlussf\u00e4cher.<\/p>\n<p>\u2022 Auf der R\u00fcckseite befinden sich ein Rei\u00dfverschlussfach und ein Tragegriff.<\/p>\n<p>\u2022 Am Schultergurt befindet sich ein kleines Rei\u00dfverschlussfach.<\/p>\n","protected":false},"excerpt":{"rendered":"<p>Manama Rucksack in Marineblau<\/p>\n","protected":false},"featured_media":93129,"comment_status":"closed","ping_status":"closed","template":"","meta":[],"product_brand":[],"product_cat":[466,556],"product_tag":[908,906,910,909],"class_list":{"0":"post-125279","1":"product","2":"type-product","3":"status-publish","4":"has-post-thumbnail","6":"product_cat-genel-de","7":"product_cat-manama-de","8":"product_tag-bindung","9":"product_tag-fudela-de","10":"product_tag-im-freien","11":"product_tag-mode-de","13":"first","14":"instock","15":"shipping-taxable","16":"purchasable","17":"product-type-simple"},"yoast_head":"<!-- This site is optimized with the Yoast SEO plugin v26.3 - https:\/\/yoast.com\/wordpress\/plugins\/seo\/ -->\n<title>Manama Rucksack in Marineblau - Promosyon \u00c7anta imalat\u0131, \u00dcretimi, \u00c7anta imalat\u00e7\u0131s\u0131 \u00dcreticisi istanbul<\/title>\n<meta name=\"description\" content=\"Manama Rucksack in Marineblau\" \/>\n<meta name=\"robots\" content=\"index, follow, max-snippet:-1, max-image-preview:large, max-video-preview:-1\" \/>\n<link rel=\"canonical\" href=\"https:\/\/genclercanta.com\/de\/urunler\/manama-rucksack-in-marineblau\/\" \/>\n<meta property=\"og:locale\" content=\"de_DE\" \/>\n<meta property=\"og:type\" content=\"article\" \/>\n<meta property=\"og:title\" content=\"Manama Rucksack in Marineblau - Promosyon \u00c7anta imalat\u0131, \u00dcretimi, \u00c7anta imalat\u00e7\u0131s\u0131 \u00dcreticisi istanbul\" \/>\n<meta property=\"og:description\" content=\"Manama Rucksack in Marineblau\" \/>\n<meta property=\"og:url\" content=\"https:\/\/genclercanta.com\/de\/urunler\/manama-rucksack-in-marineblau\/\" \/>\n<meta property=\"og:site_name\" content=\"Promosyon \u00c7anta imalat\u0131, \u00dcretimi, \u00c7anta imalat\u00e7\u0131s\u0131 \u00dcreticisi istanbul\" \/>\n<meta property=\"article:publisher\" content=\"https:\/\/www.facebook.com\/GenclerCantacom\/\" \/>\n<meta property=\"og:image\" content=\"https:\/\/genclercanta.com\/wp-content\/uploads\/2020\/10\/51-43.jpg\" \/>\n\t<meta property=\"og:image:width\" content=\"800\" \/>\n\t<meta property=\"og:image:height\" content=\"600\" \/>\n\t<meta property=\"og:image:type\" content=\"image\/jpeg\" \/>\n<meta name=\"twitter:label1\" content=\"Gesch\u00e4tzte Lesezeit\" \/>\n\t<meta name=\"twitter:data1\" content=\"1\u00a0Minute\" \/>\n<script type=\"application\/ld+json\" class=\"yoast-schema-graph\">{\"@context\":\"https:\/\/schema.org\",\"@graph\":[{\"@type\":\"WebPage\",\"@id\":\"https:\/\/genclercanta.com\/de\/urunler\/manama-rucksack-in-marineblau\/\",\"url\":\"https:\/\/genclercanta.com\/de\/urunler\/manama-rucksack-in-marineblau\/\",\"name\":\"Manama Rucksack in Marineblau - Promosyon \u00c7anta imalat\u0131, \u00dcretimi, \u00c7anta imalat\u00e7\u0131s\u0131 \u00dcreticisi istanbul\",\"isPartOf\":{\"@id\":\"https:\/\/genclercanta.com\/de\/#website\"},\"primaryImageOfPage\":{\"@id\":\"https:\/\/genclercanta.com\/de\/urunler\/manama-rucksack-in-marineblau\/#primaryimage\"},\"image\":{\"@id\":\"https:\/\/genclercanta.com\/de\/urunler\/manama-rucksack-in-marineblau\/#primaryimage\"},\"thumbnailUrl\":\"https:\/\/genclercanta.com\/wp-content\/uploads\/2020\/10\/51-43.jpg\",\"datePublished\":\"2020-10-20T22:27:50+00:00\",\"description\":\"Manama Rucksack in Marineblau\",\"breadcrumb\":{\"@id\":\"https:\/\/genclercanta.com\/de\/urunler\/manama-rucksack-in-marineblau\/#breadcrumb\"},\"inLanguage\":\"de\",\"potentialAction\":[{\"@type\":\"ReadAction\",\"target\":[\"https:\/\/genclercanta.com\/de\/urunler\/manama-rucksack-in-marineblau\/\"]}]},{\"@type\":\"ImageObject\",\"inLanguage\":\"de\",\"@id\":\"https:\/\/genclercanta.com\/de\/urunler\/manama-rucksack-in-marineblau\/#primaryimage\",\"url\":\"https:\/\/genclercanta.com\/wp-content\/uploads\/2020\/10\/51-43.jpg\",\"contentUrl\":\"https:\/\/genclercanta.com\/wp-content\/uploads\/2020\/10\/51-43.jpg\",\"width\":800,\"height\":600,\"caption\":\"Toptan Tasar\u0131m S\u0131rt \u00c7antalar\u0131\"},{\"@type\":\"BreadcrumbList\",\"@id\":\"https:\/\/genclercanta.com\/de\/urunler\/manama-rucksack-in-marineblau\/#breadcrumb\",\"itemListElement\":[{\"@type\":\"ListItem\",\"position\":1,\"name\":\"Ana sayfa\",\"item\":\"https:\/\/genclercanta.com\/de\/startseite\/\"},{\"@type\":\"ListItem\",\"position\":2,\"name\":\"Shop\",\"item\":\"https:\/\/genclercanta.com\/de\/shop\/\"},{\"@type\":\"ListItem\",\"position\":3,\"name\":\"Manama Rucksack in Marineblau\"}]},{\"@type\":\"WebSite\",\"@id\":\"https:\/\/genclercanta.com\/de\/#website\",\"url\":\"https:\/\/genclercanta.com\/de\/\",\"name\":\"Promosyon \u00c7anta imalat\u0131, \u00dcretimi, \u00c7anta imalat\u00e7\u0131s\u0131 \u00dcreticisi istanbul\",\"description\":\"T\u00fcrkiyenin Toptan, Promosyon \u00c7anta \u0130malat\u00e7\u0131s\u0131\",\"publisher\":{\"@id\":\"https:\/\/genclercanta.com\/de\/#organization\"},\"alternateName\":\"Gen\u00e7ler \u00c7anta\",\"potentialAction\":[{\"@type\":\"SearchAction\",\"target\":{\"@type\":\"EntryPoint\",\"urlTemplate\":\"https:\/\/genclercanta.com\/de\/?s={search_term_string}\"},\"query-input\":{\"@type\":\"PropertyValueSpecification\",\"valueRequired\":true,\"valueName\":\"search_term_string\"}}],\"inLanguage\":\"de\"},{\"@type\":\"Organization\",\"@id\":\"https:\/\/genclercanta.com\/de\/#organization\",\"name\":\"Promosyon \u00c7anta imalat\u0131, \u00dcretimi, \u00c7anta imalat\u00e7\u0131s\u0131 \u00dcreticisi istanbul\",\"alternateName\":\"Gen\u00e7ler \u00c7anta\",\"url\":\"https:\/\/genclercanta.com\/de\/\",\"logo\":{\"@type\":\"ImageObject\",\"inLanguage\":\"de\",\"@id\":\"https:\/\/genclercanta.com\/de\/#\/schema\/logo\/image\/\",\"url\":\"https:\/\/genclercanta.com\/wp-content\/uploads\/2020\/10\/gencler-canta-logo.jpg\",\"contentUrl\":\"https:\/\/genclercanta.com\/wp-content\/uploads\/2020\/10\/gencler-canta-logo.jpg\",\"width\":600,\"height\":133,\"caption\":\"Promosyon \u00c7anta imalat\u0131, \u00dcretimi, \u00c7anta imalat\u00e7\u0131s\u0131 \u00dcreticisi istanbul\"},\"image\":{\"@id\":\"https:\/\/genclercanta.com\/de\/#\/schema\/logo\/image\/\"},\"sameAs\":[\"https:\/\/www.facebook.com\/GenclerCantacom\/\",\"https:\/\/www.instagram.com\/genclercanta\/\"]}]}<\/script>\n<!-- \/ Yoast SEO plugin. -->","yoast_head_json":{"title":"Manama Rucksack in Marineblau - Promosyon \u00c7anta imalat\u0131, \u00dcretimi, \u00c7anta imalat\u00e7\u0131s\u0131 \u00dcreticisi istanbul","description":"Manama Rucksack in Marineblau","robots":{"index":"index","follow":"follow","max-snippet":"max-snippet:-1","max-image-preview":"max-image-preview:large","max-video-preview":"max-video-preview:-1"},"canonical":"https:\/\/genclercanta.com\/de\/urunler\/manama-rucksack-in-marineblau\/","og_locale":"de_DE","og_type":"article","og_title":"Manama Rucksack in Marineblau - Promosyon \u00c7anta imalat\u0131, \u00dcretimi, \u00c7anta imalat\u00e7\u0131s\u0131 \u00dcreticisi istanbul","og_description":"Manama Rucksack in Marineblau","og_url":"https:\/\/genclercanta.com\/de\/urunler\/manama-rucksack-in-marineblau\/","og_site_name":"Promosyon \u00c7anta imalat\u0131, \u00dcretimi, \u00c7anta imalat\u00e7\u0131s\u0131 \u00dcreticisi istanbul","article_publisher":"https:\/\/www.facebook.com\/GenclerCantacom\/","og_image":[{"width":800,"height":600,"url":"https:\/\/genclercanta.com\/wp-content\/uploads\/2020\/10\/51-43.jpg","type":"image\/jpeg"}],"twitter_misc":{"Gesch\u00e4tzte Lesezeit":"1\u00a0Minute"},"schema":{"@context":"https:\/\/schema.org","@graph":[{"@type":"WebPage","@id":"https:\/\/genclercanta.com\/de\/urunler\/manama-rucksack-in-marineblau\/","url":"https:\/\/genclercanta.com\/de\/urunler\/manama-rucksack-in-marineblau\/","name":"Manama Rucksack in Marineblau - Promosyon \u00c7anta imalat\u0131, \u00dcretimi, \u00c7anta imalat\u00e7\u0131s\u0131 \u00dcreticisi istanbul","isPartOf":{"@id":"https:\/\/genclercanta.com\/de\/#website"},"primaryImageOfPage":{"@id":"https:\/\/genclercanta.com\/de\/urunler\/manama-rucksack-in-marineblau\/#primaryimage"},"image":{"@id":"https:\/\/genclercanta.com\/de\/urunler\/manama-rucksack-in-marineblau\/#primaryimage"},"thumbnailUrl":"https:\/\/genclercanta.com\/wp-content\/uploads\/2020\/10\/51-43.jpg","datePublished":"2020-10-20T22:27:50+00:00","description":"Manama Rucksack in Marineblau","breadcrumb":{"@id":"https:\/\/genclercanta.com\/de\/urunler\/manama-rucksack-in-marineblau\/#breadcrumb"},"inLanguage":"de","potentialAction":[{"@type":"ReadAction","target":["https:\/\/genclercanta.com\/de\/urunler\/manama-rucksack-in-marineblau\/"]}]},{"@type":"ImageObject","inLanguage":"de","@id":"https:\/\/genclercanta.com\/de\/urunler\/manama-rucksack-in-marineblau\/#primaryimage","url":"https:\/\/genclercanta.com\/wp-content\/uploads\/2020\/10\/51-43.jpg","contentUrl":"https:\/\/genclercanta.com\/wp-content\/uploads\/2020\/10\/51-43.jpg","width":800,"height":600,"caption":"Toptan Tasar\u0131m S\u0131rt \u00c7antalar\u0131"},{"@type":"BreadcrumbList","@id":"https:\/\/genclercanta.com\/de\/urunler\/manama-rucksack-in-marineblau\/#breadcrumb","itemListElement":[{"@type":"ListItem","position":1,"name":"Ana sayfa","item":"https:\/\/genclercanta.com\/de\/startseite\/"},{"@type":"ListItem","position":2,"name":"Shop","item":"https:\/\/genclercanta.com\/de\/shop\/"},{"@type":"ListItem","position":3,"name":"Manama Rucksack in Marineblau"}]},{"@type":"WebSite","@id":"https:\/\/genclercanta.com\/de\/#website","url":"https:\/\/genclercanta.com\/de\/","name":"Promosyon \u00c7anta imalat\u0131, \u00dcretimi, \u00c7anta imalat\u00e7\u0131s\u0131 \u00dcreticisi istanbul","description":"T\u00fcrkiyenin Toptan, Promosyon \u00c7anta \u0130malat\u00e7\u0131s\u0131","publisher":{"@id":"https:\/\/genclercanta.com\/de\/#organization"},"alternateName":"Gen\u00e7ler \u00c7anta","potentialAction":[{"@type":"SearchAction","target":{"@type":"EntryPoint","urlTemplate":"https:\/\/genclercanta.com\/de\/?s={search_term_string}"},"query-input":{"@type":"PropertyValueSpecification","valueRequired":true,"valueName":"search_term_string"}}],"inLanguage":"de"},{"@type":"Organization","@id":"https:\/\/genclercanta.com\/de\/#organization","name":"Promosyon \u00c7anta imalat\u0131, \u00dcretimi, \u00c7anta imalat\u00e7\u0131s\u0131 \u00dcreticisi istanbul","alternateName":"Gen\u00e7ler \u00c7anta","url":"https:\/\/genclercanta.com\/de\/","logo":{"@type":"ImageObject","inLanguage":"de","@id":"https:\/\/genclercanta.com\/de\/#\/schema\/logo\/image\/","url":"https:\/\/genclercanta.com\/wp-content\/uploads\/2020\/10\/gencler-canta-logo.jpg","contentUrl":"https:\/\/genclercanta.com\/wp-content\/uploads\/2020\/10\/gencler-canta-logo.jpg","width":600,"height":133,"caption":"Promosyon \u00c7anta imalat\u0131, \u00dcretimi, \u00c7anta imalat\u00e7\u0131s\u0131 \u00dcreticisi istanbul"},"image":{"@id":"https:\/\/genclercanta.com\/de\/#\/schema\/logo\/image\/"},"sameAs":["https:\/\/www.facebook.com\/GenclerCantacom\/","https:\/\/www.instagram.com\/genclercanta\/"]}]}},"_links":{"self":[{"href":"https:\/\/genclercanta.com\/de\/wp-json\/wp\/v2\/product\/125279","targetHints":{"allow":["GET"]}}],"collection":[{"href":"https:\/\/genclercanta.com\/de\/wp-json\/wp\/v2\/product"}],"about":[{"href":"https:\/\/genclercanta.com\/de\/wp-json\/wp\/v2\/types\/product"}],"replies":[{"embeddable":true,"href":"https:\/\/genclercanta.com\/de\/wp-json\/wp\/v2\/comments?post=125279"}],"wp:featuredmedia":[{"embeddable":true,"href":"https:\/\/genclercanta.com\/de\/wp-json\/wp\/v2\/media\/93129"}],"wp:attachment":[{"href":"https:\/\/genclercanta.com\/de\/wp-json\/wp\/v2\/media?parent=125279"}],"wp:term":[{"taxonomy":"product_brand","embeddable":true,"href":"https:\/\/genclercanta.com\/de\/wp-json\/wp\/v2\/product_brand?post=125279"},{"taxonomy":"product_cat","embeddable":true,"href":"https:\/\/genclercanta.com\/de\/wp-json\/wp\/v2\/product_cat?post=125279"},{"taxonomy":"product_tag","embeddable":true,"href":"https:\/\/genclercanta.com\/de\/wp-json\/wp\/v2\/product_tag?post=125279"}],"curies":[{"name":"wp","href":"https:\/\/api.w.org\/{rel}","templated":true}]}}

<p>Der neue MANAMA FUDELA ist aus strapazierfähigem, wasserdichtem Material gefertigt.</p>
<p>Sein komfortables Material verfügt über eine rückenschonende Zwischensohle und macht ihn ideal für Reisen, Arbeit und alle anderen Gelegenheiten.</p>
<p>Für den sicheren Transport Ihres Laptops gibt es ein separates Tabletfach und ein Laptopfach für Geräte bis zu 15,6 Zoll. So ist Ihr Rucksack bestens geschützt. Ein Gurt im selben Fach fixiert Ihren Laptop, falls Sie mal mit dem Fahrrad zur Uni fahren möchten.</p>
<p>Zusätzlich bieten zwei separate Innentaschen Platz für Ihre Notizbücher und Bücher.</p>
<p>• Höhe: 48 cm, Breite: 30 cm, Tiefe: 15 cm</p>
<p>• Unser Rucksack besteht aus einem großen Hauptfach.</p>
<p>• Das Material ist wasserdichtes Polyester.</p>
<p>• Es gibt ein Laptopfach für Geräte bis zu 15,6 Zoll.</p>
<p>• Es gibt ein Tabletfach.</p>
<p>• Das Hauptfach verfügt außerdem über zwei separate Reißverschlussfächer.</p>
<p>• Auf der Rückseite befinden sich ein Reißverschlussfach und ein Tragegriff.</p>
<p>• Am Schultergurt befindet sich ein kleines Reißverschlussfach.</p>

<!-- This site is optimized with the Yoast SEO plugin v26.3 - https://yoast.com/wordpress/plugins/seo/ -->
<title>Manama Rucksack in Marineblau - Promosyon Çanta imalatı, Üretimi, Çanta imalatçısı Üreticisi istanbul</title>
<meta name="description" content="Manama Rucksack in Marineblau" />
<meta name="robots" content="index, follow, max-snippet:-1, max-image-preview:large, max-video-preview:-1" />
<link rel="canonical" href="https://genclercanta.com/de/urunler/manama-rucksack-in-marineblau/" />
<meta property="og:locale" content="de_DE" />
<meta property="og:type" content="article" />
<meta property="og:title" content="Manama Rucksack in Marineblau - Promosyon Çanta imalatı, Üretimi, Çanta imalatçısı Üreticisi istanbul" />
<meta property="og:description" content="Manama Rucksack in Marineblau" />
<meta property="og:url" content="https://genclercanta.com/de/urunler/manama-rucksack-in-marineblau/" />
<meta property="og:site_name" content="Promosyon Çanta imalatı, Üretimi, Çanta imalatçısı Üreticisi istanbul" />
<meta property="article:publisher" content="https://www.facebook.com/GenclerCantacom/" />
<meta property="og:image" content="https://genclercanta.com/wp-content/uploads/2020/10/51-43.jpg" />
	<meta property="og:image:width" content="800" />
	<meta property="og:image:height" content="600" />
	<meta property="og:image:type" content="image/jpeg" />
<meta name="twitter:label1" content="Geschätzte Lesezeit" />
	<meta name="twitter:data1" content="1 Minute" />
<script type="application/ld+json" class="yoast-schema-graph">{"@context":"https://schema.org","@graph":[{"@type":"WebPage","@id":"https://genclercanta.com/de/urunler/manama-rucksack-in-marineblau/","url":"https://genclercanta.com/de/urunler/manama-rucksack-in-marineblau/","name":"Manama Rucksack in Marineblau - Promosyon Çanta imalatı, Üretimi, Çanta imalatçısı Üreticisi istanbul","isPartOf":{"@id":"https://genclercanta.com/de/#website"},"primaryImageOfPage":{"@id":"https://genclercanta.com/de/urunler/manama-rucksack-in-marineblau/#primaryimage"},"image":{"@id":"https://genclercanta.com/de/urunler/manama-rucksack-in-marineblau/#primaryimage"},"thumbnailUrl":"https://genclercanta.com/wp-content/uploads/2020/10/51-43.jpg","datePublished":"2020-10-20T22:27:50+00:00","description":"Manama Rucksack in Marineblau","breadcrumb":{"@id":"https://genclercanta.com/de/urunler/manama-rucksack-in-marineblau/#breadcrumb"},"inLanguage":"de","potentialAction":[{"@type":"ReadAction","target":["https://genclercanta.com/de/urunler/manama-rucksack-in-marineblau/"]}]},{"@type":"ImageObject","inLanguage":"de","@id":"https://genclercanta.com/de/urunler/manama-rucksack-in-marineblau/#primaryimage","url":"https://genclercanta.com/wp-content/uploads/2020/10/51-43.jpg","contentUrl":"https://genclercanta.com/wp-content/uploads/2020/10/51-43.jpg","width":800,"height":600,"caption":"Toptan Tasarım Sırt Çantaları"},{"@type":"BreadcrumbList","@id":"https://genclercanta.com/de/urunler/manama-rucksack-in-marineblau/#breadcrumb","itemListElement":[{"@type":"ListItem","position":1,"name":"Ana sayfa","item":"https://genclercanta.com/de/startseite/"},{"@type":"ListItem","position":2,"name":"Shop","item":"https://genclercanta.com/de/shop/"},{"@type":"ListItem","position":3,"name":"Manama Rucksack in Marineblau"}]},{"@type":"WebSite","@id":"https://genclercanta.com/de/#website","url":"https://genclercanta.com/de/","name":"Promosyon Çanta imalatı, Üretimi, Çanta imalatçısı Üreticisi istanbul","description":"Türkiyenin Toptan, Promosyon Çanta İmalatçısı","publisher":{"@id":"https://genclercanta.com/de/#organization"},"alternateName":"Gençler Çanta","potentialAction":[{"@type":"SearchAction","target":{"@type":"EntryPoint","urlTemplate":"https://genclercanta.com/de/?s={search_term_string}"},"query-input":{"@type":"PropertyValueSpecification","valueRequired":true,"valueName":"search_term_string"}}],"inLanguage":"de"},{"@type":"Organization","@id":"https://genclercanta.com/de/#organization","name":"Promosyon Çanta imalatı, Üretimi, Çanta imalatçısı Üreticisi istanbul","alternateName":"Gençler Çanta","url":"https://genclercanta.com/de/","logo":{"@type":"ImageObject","inLanguage":"de","@id":"https://genclercanta.com/de/#/schema/logo/image/","url":"https://genclercanta.com/wp-content/uploads/2020/10/gencler-canta-logo.jpg","contentUrl":"https://genclercanta.com/wp-content/uploads/2020/10/gencler-canta-logo.jpg","width":600,"height":133,"caption":"Promosyon Çanta imalatı, Üretimi, Çanta imalatçısı Üreticisi istanbul"},"image":{"@id":"https://genclercanta.com/de/#/schema/logo/image/"},"sameAs":["https://www.facebook.com/GenclerCantacom/","https://www.instagram.com/genclercanta/"]}]}</script>
<!-- / Yoast SEO plugin. -->

Manama Rucksack in Marineblau - Promosyon Çanta imalatı, Üretimi, Çanta imalatçısı Üreticisi istanbul

Promosyon Çanta imalatı, Üretimi, Çanta imalatçısı Üreticisi istanbul

Toptan Tasarım Sırt Çantaları

Türkiyenin Toptan, Promosyon Çanta İmalatçısı

Gençler Çanta
