{"id":126631,"date":"2020-10-20T21:54:53","date_gmt":"2020-10-20T21:54:53","guid":{"rendered":"https:\/\/genclercanta.com\/urunler\/yfk-schwarzer-rucksack\/"},"modified":"2020-10-20T21:54:53","modified_gmt":"2020-10-20T21:54:53","slug":"yfk-schwarzer-rucksack","status":"publish","type":"product","link":"https:\/\/genclercanta.com\/de\/urunler\/yfk-schwarzer-rucksack\/","title":{"rendered":"YFK SCHWARZER RUCKSACK"},"content":{"rendered":"<p>Die YFK-Tasche ist perfekt f\u00fcr alle, die viel unterwegs sind. Ob in der Stadt, im Urlaub oder auf einem Festival \u2013 mit dieser Tasche haben Sie Ihre Wertsachen immer griffbereit, sicher und bequem zur Hand!<\/p>\n<p>Eigenschaften:<\/p>\n<p>&#8211; 100 % Baumwolle<br \/>\n&#8211; Hochwertiger Rei\u00dfverschluss<br \/>\n&#8211; Verstellbarer Schultergurt<br \/>\n&#8211; Vordertasche<br \/>\n&#8211; Laptopfach innen<br \/>\n&#8211; Kaltbedruckt mit Fudela-Muster<\/p>\n<p>Ma\u00dfe: 39 x 28 x 10 cm<\/p>\n","protected":false},"excerpt":{"rendered":"<p>YFK SCHWARZER RUCKSACK<\/p>\n","protected":false},"featured_media":56071,"comment_status":"closed","ping_status":"closed","template":"","meta":[],"product_brand":[],"product_cat":[678],"product_tag":[837],"class_list":{"0":"post-126631","1":"product","2":"type-product","3":"status-publish","4":"has-post-thumbnail","6":"product_cat-yfk-de","7":"product_tag-rucksack","9":"first","10":"instock","11":"shipping-taxable","12":"purchasable","13":"product-type-simple"},"yoast_head":"<!-- This site is optimized with the Yoast SEO plugin v26.3 - https:\/\/yoast.com\/wordpress\/plugins\/seo\/ -->\n<title>YFK SCHWARZER RUCKSACK - Promosyon \u00c7anta imalat\u0131, \u00dcretimi, \u00c7anta imalat\u00e7\u0131s\u0131 \u00dcreticisi istanbul<\/title>\n<meta name=\"description\" content=\"YFK SCHWARZER RUCKSACK\" \/>\n<meta name=\"robots\" content=\"index, follow, max-snippet:-1, max-image-preview:large, max-video-preview:-1\" \/>\n<link rel=\"canonical\" href=\"https:\/\/genclercanta.com\/de\/urunler\/yfk-schwarzer-rucksack\/\" \/>\n<meta property=\"og:locale\" content=\"de_DE\" \/>\n<meta property=\"og:type\" content=\"article\" \/>\n<meta property=\"og:title\" content=\"YFK SCHWARZER RUCKSACK - Promosyon \u00c7anta imalat\u0131, \u00dcretimi, \u00c7anta imalat\u00e7\u0131s\u0131 \u00dcreticisi istanbul\" \/>\n<meta property=\"og:description\" content=\"YFK SCHWARZER RUCKSACK\" \/>\n<meta property=\"og:url\" content=\"https:\/\/genclercanta.com\/de\/urunler\/yfk-schwarzer-rucksack\/\" \/>\n<meta property=\"og:site_name\" content=\"Promosyon \u00c7anta imalat\u0131, \u00dcretimi, \u00c7anta imalat\u00e7\u0131s\u0131 \u00dcreticisi istanbul\" \/>\n<meta property=\"article:publisher\" content=\"https:\/\/www.facebook.com\/GenclerCantacom\/\" \/>\n<meta property=\"og:image\" content=\"https:\/\/genclercanta.com\/wp-content\/uploads\/2020\/10\/YFK-04-2.jpg\" \/>\n\t<meta property=\"og:image:width\" content=\"800\" \/>\n\t<meta property=\"og:image:height\" content=\"600\" \/>\n\t<meta property=\"og:image:type\" content=\"image\/jpeg\" \/>\n<script type=\"application\/ld+json\" class=\"yoast-schema-graph\">{\"@context\":\"https:\/\/schema.org\",\"@graph\":[{\"@type\":\"WebPage\",\"@id\":\"https:\/\/genclercanta.com\/de\/urunler\/yfk-schwarzer-rucksack\/\",\"url\":\"https:\/\/genclercanta.com\/de\/urunler\/yfk-schwarzer-rucksack\/\",\"name\":\"YFK SCHWARZER RUCKSACK - Promosyon \u00c7anta imalat\u0131, \u00dcretimi, \u00c7anta imalat\u00e7\u0131s\u0131 \u00dcreticisi istanbul\",\"isPartOf\":{\"@id\":\"https:\/\/genclercanta.com\/de\/#website\"},\"primaryImageOfPage\":{\"@id\":\"https:\/\/genclercanta.com\/de\/urunler\/yfk-schwarzer-rucksack\/#primaryimage\"},\"image\":{\"@id\":\"https:\/\/genclercanta.com\/de\/urunler\/yfk-schwarzer-rucksack\/#primaryimage\"},\"thumbnailUrl\":\"https:\/\/genclercanta.com\/wp-content\/uploads\/2020\/10\/YFK-04-2.jpg\",\"datePublished\":\"2020-10-20T21:54:53+00:00\",\"description\":\"YFK SCHWARZER RUCKSACK\",\"breadcrumb\":{\"@id\":\"https:\/\/genclercanta.com\/de\/urunler\/yfk-schwarzer-rucksack\/#breadcrumb\"},\"inLanguage\":\"de\",\"potentialAction\":[{\"@type\":\"ReadAction\",\"target\":[\"https:\/\/genclercanta.com\/de\/urunler\/yfk-schwarzer-rucksack\/\"]}]},{\"@type\":\"ImageObject\",\"inLanguage\":\"de\",\"@id\":\"https:\/\/genclercanta.com\/de\/urunler\/yfk-schwarzer-rucksack\/#primaryimage\",\"url\":\"https:\/\/genclercanta.com\/wp-content\/uploads\/2020\/10\/YFK-04-2.jpg\",\"contentUrl\":\"https:\/\/genclercanta.com\/wp-content\/uploads\/2020\/10\/YFK-04-2.jpg\",\"width\":800,\"height\":600},{\"@type\":\"BreadcrumbList\",\"@id\":\"https:\/\/genclercanta.com\/de\/urunler\/yfk-schwarzer-rucksack\/#breadcrumb\",\"itemListElement\":[{\"@type\":\"ListItem\",\"position\":1,\"name\":\"Ana sayfa\",\"item\":\"https:\/\/genclercanta.com\/de\/startseite\/\"},{\"@type\":\"ListItem\",\"position\":2,\"name\":\"Shop\",\"item\":\"https:\/\/genclercanta.com\/de\/shop\/\"},{\"@type\":\"ListItem\",\"position\":3,\"name\":\"YFK SCHWARZER RUCKSACK\"}]},{\"@type\":\"WebSite\",\"@id\":\"https:\/\/genclercanta.com\/de\/#website\",\"url\":\"https:\/\/genclercanta.com\/de\/\",\"name\":\"Promosyon \u00c7anta imalat\u0131, \u00dcretimi, \u00c7anta imalat\u00e7\u0131s\u0131 \u00dcreticisi istanbul\",\"description\":\"T\u00fcrkiyenin Toptan, Promosyon \u00c7anta \u0130malat\u00e7\u0131s\u0131\",\"publisher\":{\"@id\":\"https:\/\/genclercanta.com\/de\/#organization\"},\"alternateName\":\"Gen\u00e7ler \u00c7anta\",\"potentialAction\":[{\"@type\":\"SearchAction\",\"target\":{\"@type\":\"EntryPoint\",\"urlTemplate\":\"https:\/\/genclercanta.com\/de\/?s={search_term_string}\"},\"query-input\":{\"@type\":\"PropertyValueSpecification\",\"valueRequired\":true,\"valueName\":\"search_term_string\"}}],\"inLanguage\":\"de\"},{\"@type\":\"Organization\",\"@id\":\"https:\/\/genclercanta.com\/de\/#organization\",\"name\":\"Promosyon \u00c7anta imalat\u0131, \u00dcretimi, \u00c7anta imalat\u00e7\u0131s\u0131 \u00dcreticisi istanbul\",\"alternateName\":\"Gen\u00e7ler \u00c7anta\",\"url\":\"https:\/\/genclercanta.com\/de\/\",\"logo\":{\"@type\":\"ImageObject\",\"inLanguage\":\"de\",\"@id\":\"https:\/\/genclercanta.com\/de\/#\/schema\/logo\/image\/\",\"url\":\"https:\/\/genclercanta.com\/wp-content\/uploads\/2020\/10\/gencler-canta-logo.jpg\",\"contentUrl\":\"https:\/\/genclercanta.com\/wp-content\/uploads\/2020\/10\/gencler-canta-logo.jpg\",\"width\":600,\"height\":133,\"caption\":\"Promosyon \u00c7anta imalat\u0131, \u00dcretimi, \u00c7anta imalat\u00e7\u0131s\u0131 \u00dcreticisi istanbul\"},\"image\":{\"@id\":\"https:\/\/genclercanta.com\/de\/#\/schema\/logo\/image\/\"},\"sameAs\":[\"https:\/\/www.facebook.com\/GenclerCantacom\/\",\"https:\/\/www.instagram.com\/genclercanta\/\"]}]}<\/script>\n<!-- \/ Yoast SEO plugin. -->","yoast_head_json":{"title":"YFK SCHWARZER RUCKSACK - Promosyon \u00c7anta imalat\u0131, \u00dcretimi, \u00c7anta imalat\u00e7\u0131s\u0131 \u00dcreticisi istanbul","description":"YFK SCHWARZER RUCKSACK","robots":{"index":"index","follow":"follow","max-snippet":"max-snippet:-1","max-image-preview":"max-image-preview:large","max-video-preview":"max-video-preview:-1"},"canonical":"https:\/\/genclercanta.com\/de\/urunler\/yfk-schwarzer-rucksack\/","og_locale":"de_DE","og_type":"article","og_title":"YFK SCHWARZER RUCKSACK - Promosyon \u00c7anta imalat\u0131, \u00dcretimi, \u00c7anta imalat\u00e7\u0131s\u0131 \u00dcreticisi istanbul","og_description":"YFK SCHWARZER RUCKSACK","og_url":"https:\/\/genclercanta.com\/de\/urunler\/yfk-schwarzer-rucksack\/","og_site_name":"Promosyon \u00c7anta imalat\u0131, \u00dcretimi, \u00c7anta imalat\u00e7\u0131s\u0131 \u00dcreticisi istanbul","article_publisher":"https:\/\/www.facebook.com\/GenclerCantacom\/","og_image":[{"width":800,"height":600,"url":"https:\/\/genclercanta.com\/wp-content\/uploads\/2020\/10\/YFK-04-2.jpg","type":"image\/jpeg"}],"schema":{"@context":"https:\/\/schema.org","@graph":[{"@type":"WebPage","@id":"https:\/\/genclercanta.com\/de\/urunler\/yfk-schwarzer-rucksack\/","url":"https:\/\/genclercanta.com\/de\/urunler\/yfk-schwarzer-rucksack\/","name":"YFK SCHWARZER RUCKSACK - Promosyon \u00c7anta imalat\u0131, \u00dcretimi, \u00c7anta imalat\u00e7\u0131s\u0131 \u00dcreticisi istanbul","isPartOf":{"@id":"https:\/\/genclercanta.com\/de\/#website"},"primaryImageOfPage":{"@id":"https:\/\/genclercanta.com\/de\/urunler\/yfk-schwarzer-rucksack\/#primaryimage"},"image":{"@id":"https:\/\/genclercanta.com\/de\/urunler\/yfk-schwarzer-rucksack\/#primaryimage"},"thumbnailUrl":"https:\/\/genclercanta.com\/wp-content\/uploads\/2020\/10\/YFK-04-2.jpg","datePublished":"2020-10-20T21:54:53+00:00","description":"YFK SCHWARZER RUCKSACK","breadcrumb":{"@id":"https:\/\/genclercanta.com\/de\/urunler\/yfk-schwarzer-rucksack\/#breadcrumb"},"inLanguage":"de","potentialAction":[{"@type":"ReadAction","target":["https:\/\/genclercanta.com\/de\/urunler\/yfk-schwarzer-rucksack\/"]}]},{"@type":"ImageObject","inLanguage":"de","@id":"https:\/\/genclercanta.com\/de\/urunler\/yfk-schwarzer-rucksack\/#primaryimage","url":"https:\/\/genclercanta.com\/wp-content\/uploads\/2020\/10\/YFK-04-2.jpg","contentUrl":"https:\/\/genclercanta.com\/wp-content\/uploads\/2020\/10\/YFK-04-2.jpg","width":800,"height":600},{"@type":"BreadcrumbList","@id":"https:\/\/genclercanta.com\/de\/urunler\/yfk-schwarzer-rucksack\/#breadcrumb","itemListElement":[{"@type":"ListItem","position":1,"name":"Ana sayfa","item":"https:\/\/genclercanta.com\/de\/startseite\/"},{"@type":"ListItem","position":2,"name":"Shop","item":"https:\/\/genclercanta.com\/de\/shop\/"},{"@type":"ListItem","position":3,"name":"YFK SCHWARZER RUCKSACK"}]},{"@type":"WebSite","@id":"https:\/\/genclercanta.com\/de\/#website","url":"https:\/\/genclercanta.com\/de\/","name":"Promosyon \u00c7anta imalat\u0131, \u00dcretimi, \u00c7anta imalat\u00e7\u0131s\u0131 \u00dcreticisi istanbul","description":"T\u00fcrkiyenin Toptan, Promosyon \u00c7anta \u0130malat\u00e7\u0131s\u0131","publisher":{"@id":"https:\/\/genclercanta.com\/de\/#organization"},"alternateName":"Gen\u00e7ler \u00c7anta","potentialAction":[{"@type":"SearchAction","target":{"@type":"EntryPoint","urlTemplate":"https:\/\/genclercanta.com\/de\/?s={search_term_string}"},"query-input":{"@type":"PropertyValueSpecification","valueRequired":true,"valueName":"search_term_string"}}],"inLanguage":"de"},{"@type":"Organization","@id":"https:\/\/genclercanta.com\/de\/#organization","name":"Promosyon \u00c7anta imalat\u0131, \u00dcretimi, \u00c7anta imalat\u00e7\u0131s\u0131 \u00dcreticisi istanbul","alternateName":"Gen\u00e7ler \u00c7anta","url":"https:\/\/genclercanta.com\/de\/","logo":{"@type":"ImageObject","inLanguage":"de","@id":"https:\/\/genclercanta.com\/de\/#\/schema\/logo\/image\/","url":"https:\/\/genclercanta.com\/wp-content\/uploads\/2020\/10\/gencler-canta-logo.jpg","contentUrl":"https:\/\/genclercanta.com\/wp-content\/uploads\/2020\/10\/gencler-canta-logo.jpg","width":600,"height":133,"caption":"Promosyon \u00c7anta imalat\u0131, \u00dcretimi, \u00c7anta imalat\u00e7\u0131s\u0131 \u00dcreticisi istanbul"},"image":{"@id":"https:\/\/genclercanta.com\/de\/#\/schema\/logo\/image\/"},"sameAs":["https:\/\/www.facebook.com\/GenclerCantacom\/","https:\/\/www.instagram.com\/genclercanta\/"]}]}},"_links":{"self":[{"href":"https:\/\/genclercanta.com\/de\/wp-json\/wp\/v2\/product\/126631","targetHints":{"allow":["GET"]}}],"collection":[{"href":"https:\/\/genclercanta.com\/de\/wp-json\/wp\/v2\/product"}],"about":[{"href":"https:\/\/genclercanta.com\/de\/wp-json\/wp\/v2\/types\/product"}],"replies":[{"embeddable":true,"href":"https:\/\/genclercanta.com\/de\/wp-json\/wp\/v2\/comments?post=126631"}],"wp:featuredmedia":[{"embeddable":true,"href":"https:\/\/genclercanta.com\/de\/wp-json\/wp\/v2\/media\/56071"}],"wp:attachment":[{"href":"https:\/\/genclercanta.com\/de\/wp-json\/wp\/v2\/media?parent=126631"}],"wp:term":[{"taxonomy":"product_brand","embeddable":true,"href":"https:\/\/genclercanta.com\/de\/wp-json\/wp\/v2\/product_brand?post=126631"},{"taxonomy":"product_cat","embeddable":true,"href":"https:\/\/genclercanta.com\/de\/wp-json\/wp\/v2\/product_cat?post=126631"},{"taxonomy":"product_tag","embeddable":true,"href":"https:\/\/genclercanta.com\/de\/wp-json\/wp\/v2\/product_tag?post=126631"}],"curies":[{"name":"wp","href":"https:\/\/api.w.org\/{rel}","templated":true}]}}

<p>Die YFK-Tasche ist perfekt für alle, die viel unterwegs sind. Ob in der Stadt, im Urlaub oder auf einem Festival – mit dieser Tasche haben Sie Ihre Wertsachen immer griffbereit, sicher und bequem zur Hand!</p>
<p>Eigenschaften:</p>
<p>&#8211; 100 % Baumwolle<br />
&#8211; Hochwertiger Reißverschluss<br />
&#8211; Verstellbarer Schultergurt<br />
&#8211; Vordertasche<br />
&#8211; Laptopfach innen<br />
&#8211; Kaltbedruckt mit Fudela-Muster</p>
<p>Maße: 39 x 28 x 10 cm</p>

<!-- This site is optimized with the Yoast SEO plugin v26.3 - https://yoast.com/wordpress/plugins/seo/ -->
<title>YFK SCHWARZER RUCKSACK - Promosyon Çanta imalatı, Üretimi, Çanta imalatçısı Üreticisi istanbul</title>
<meta name="description" content="YFK SCHWARZER RUCKSACK" />
<meta name="robots" content="index, follow, max-snippet:-1, max-image-preview:large, max-video-preview:-1" />
<link rel="canonical" href="https://genclercanta.com/de/urunler/yfk-schwarzer-rucksack/" />
<meta property="og:locale" content="de_DE" />
<meta property="og:type" content="article" />
<meta property="og:title" content="YFK SCHWARZER RUCKSACK - Promosyon Çanta imalatı, Üretimi, Çanta imalatçısı Üreticisi istanbul" />
<meta property="og:description" content="YFK SCHWARZER RUCKSACK" />
<meta property="og:url" content="https://genclercanta.com/de/urunler/yfk-schwarzer-rucksack/" />
<meta property="og:site_name" content="Promosyon Çanta imalatı, Üretimi, Çanta imalatçısı Üreticisi istanbul" />
<meta property="article:publisher" content="https://www.facebook.com/GenclerCantacom/" />
<meta property="og:image" content="https://genclercanta.com/wp-content/uploads/2020/10/YFK-04-2.jpg" />
	<meta property="og:image:width" content="800" />
	<meta property="og:image:height" content="600" />
	<meta property="og:image:type" content="image/jpeg" />
<script type="application/ld+json" class="yoast-schema-graph">{"@context":"https://schema.org","@graph":[{"@type":"WebPage","@id":"https://genclercanta.com/de/urunler/yfk-schwarzer-rucksack/","url":"https://genclercanta.com/de/urunler/yfk-schwarzer-rucksack/","name":"YFK SCHWARZER RUCKSACK - Promosyon Çanta imalatı, Üretimi, Çanta imalatçısı Üreticisi istanbul","isPartOf":{"@id":"https://genclercanta.com/de/#website"},"primaryImageOfPage":{"@id":"https://genclercanta.com/de/urunler/yfk-schwarzer-rucksack/#primaryimage"},"image":{"@id":"https://genclercanta.com/de/urunler/yfk-schwarzer-rucksack/#primaryimage"},"thumbnailUrl":"https://genclercanta.com/wp-content/uploads/2020/10/YFK-04-2.jpg","datePublished":"2020-10-20T21:54:53+00:00","description":"YFK SCHWARZER RUCKSACK","breadcrumb":{"@id":"https://genclercanta.com/de/urunler/yfk-schwarzer-rucksack/#breadcrumb"},"inLanguage":"de","potentialAction":[{"@type":"ReadAction","target":["https://genclercanta.com/de/urunler/yfk-schwarzer-rucksack/"]}]},{"@type":"ImageObject","inLanguage":"de","@id":"https://genclercanta.com/de/urunler/yfk-schwarzer-rucksack/#primaryimage","url":"https://genclercanta.com/wp-content/uploads/2020/10/YFK-04-2.jpg","contentUrl":"https://genclercanta.com/wp-content/uploads/2020/10/YFK-04-2.jpg","width":800,"height":600},{"@type":"BreadcrumbList","@id":"https://genclercanta.com/de/urunler/yfk-schwarzer-rucksack/#breadcrumb","itemListElement":[{"@type":"ListItem","position":1,"name":"Ana sayfa","item":"https://genclercanta.com/de/startseite/"},{"@type":"ListItem","position":2,"name":"Shop","item":"https://genclercanta.com/de/shop/"},{"@type":"ListItem","position":3,"name":"YFK SCHWARZER RUCKSACK"}]},{"@type":"WebSite","@id":"https://genclercanta.com/de/#website","url":"https://genclercanta.com/de/","name":"Promosyon Çanta imalatı, Üretimi, Çanta imalatçısı Üreticisi istanbul","description":"Türkiyenin Toptan, Promosyon Çanta İmalatçısı","publisher":{"@id":"https://genclercanta.com/de/#organization"},"alternateName":"Gençler Çanta","potentialAction":[{"@type":"SearchAction","target":{"@type":"EntryPoint","urlTemplate":"https://genclercanta.com/de/?s={search_term_string}"},"query-input":{"@type":"PropertyValueSpecification","valueRequired":true,"valueName":"search_term_string"}}],"inLanguage":"de"},{"@type":"Organization","@id":"https://genclercanta.com/de/#organization","name":"Promosyon Çanta imalatı, Üretimi, Çanta imalatçısı Üreticisi istanbul","alternateName":"Gençler Çanta","url":"https://genclercanta.com/de/","logo":{"@type":"ImageObject","inLanguage":"de","@id":"https://genclercanta.com/de/#/schema/logo/image/","url":"https://genclercanta.com/wp-content/uploads/2020/10/gencler-canta-logo.jpg","contentUrl":"https://genclercanta.com/wp-content/uploads/2020/10/gencler-canta-logo.jpg","width":600,"height":133,"caption":"Promosyon Çanta imalatı, Üretimi, Çanta imalatçısı Üreticisi istanbul"},"image":{"@id":"https://genclercanta.com/de/#/schema/logo/image/"},"sameAs":["https://www.facebook.com/GenclerCantacom/","https://www.instagram.com/genclercanta/"]}]}</script>
<!-- / Yoast SEO plugin. -->

YFK SCHWARZER RUCKSACK - Promosyon Çanta imalatı, Üretimi, Çanta imalatçısı Üreticisi istanbul

Promosyon Çanta imalatı, Üretimi, Çanta imalatçısı Üreticisi istanbul

Türkiyenin Toptan, Promosyon Çanta İmalatçısı

Gençler Çanta
