{"id":126627,"date":"2020-10-20T21:54:54","date_gmt":"2020-10-20T21:54:54","guid":{"rendered":"https:\/\/genclercanta.com\/urunler\/mochila-azul-marino-yfk\/"},"modified":"2020-10-20T21:54:54","modified_gmt":"2020-10-20T21:54:54","slug":"mochila-azul-marino-yfk","status":"publish","type":"product","link":"https:\/\/genclercanta.com\/es\/urunler\/mochila-azul-marino-yfk\/","title":{"rendered":"MOCHILA AZUL MARINO YFK"},"content":{"rendered":"<p>El bolso YFK est\u00e1 hecho para quienes siempre est\u00e1n en movimiento. Ya sea en la ciudad, de vacaciones o en un festival, \u00a1lleva todos tus objetos de valor con las manos libres, de forma segura y con f\u00e1cil acceso en todo momento!<\/p>\n<p>Caracter\u00edsticas:<\/p>\n<p>&#8211; Tejido 100 % algod\u00f3n<br \/>\n&#8211; Cremallera de hierro de primera calidad<br \/>\n&#8211; Correa de hombro ajustable<br \/>\n&#8211; Bolsillo frontal<br \/>\n&#8211; Compartimento interior para port\u00e1til<br \/>\n&#8211; Estampado en fr\u00edo Fudela<\/p>\n<p>Dimensiones: 39 x 28 x 10 cm<\/p>\n","protected":false},"excerpt":{"rendered":"<p>MOCHILA AZUL MARINO YFK<\/p>\n","protected":false},"featured_media":56231,"comment_status":"closed","ping_status":"closed","template":"","meta":[],"product_brand":[],"product_cat":[676],"product_tag":[853],"class_list":{"0":"post-126627","1":"product","2":"type-product","3":"status-publish","4":"has-post-thumbnail","6":"product_cat-yfk-es","7":"product_tag-mochila","9":"first","10":"instock","11":"shipping-taxable","12":"purchasable","13":"product-type-simple"},"yoast_head":"<!-- This site is optimized with the Yoast SEO plugin v26.3 - https:\/\/yoast.com\/wordpress\/plugins\/seo\/ -->\n<title>MOCHILA AZUL MARINO YFK - Promosyon \u00c7anta imalat\u0131, \u00dcretimi, \u00c7anta imalat\u00e7\u0131s\u0131 \u00dcreticisi istanbul<\/title>\n<meta name=\"description\" content=\"MOCHILA AZUL MARINO YFK\" \/>\n<meta name=\"robots\" content=\"index, follow, max-snippet:-1, max-image-preview:large, max-video-preview:-1\" \/>\n<link rel=\"canonical\" href=\"https:\/\/genclercanta.com\/es\/urunler\/mochila-azul-marino-yfk\/\" \/>\n<meta property=\"og:locale\" content=\"es_ES\" \/>\n<meta property=\"og:type\" content=\"article\" \/>\n<meta property=\"og:title\" content=\"MOCHILA AZUL MARINO YFK - Promosyon \u00c7anta imalat\u0131, \u00dcretimi, \u00c7anta imalat\u00e7\u0131s\u0131 \u00dcreticisi istanbul\" \/>\n<meta property=\"og:description\" content=\"MOCHILA AZUL MARINO YFK\" \/>\n<meta property=\"og:url\" content=\"https:\/\/genclercanta.com\/es\/urunler\/mochila-azul-marino-yfk\/\" \/>\n<meta property=\"og:site_name\" content=\"Promosyon \u00c7anta imalat\u0131, \u00dcretimi, \u00c7anta imalat\u00e7\u0131s\u0131 \u00dcreticisi istanbul\" \/>\n<meta property=\"article:publisher\" content=\"https:\/\/www.facebook.com\/GenclerCantacom\/\" \/>\n<meta property=\"og:image\" content=\"https:\/\/genclercanta.com\/wp-content\/uploads\/2020\/10\/YFK-08-2.jpg\" \/>\n\t<meta property=\"og:image:width\" content=\"800\" \/>\n\t<meta property=\"og:image:height\" content=\"600\" \/>\n\t<meta property=\"og:image:type\" content=\"image\/jpeg\" \/>\n<script type=\"application\/ld+json\" class=\"yoast-schema-graph\">{\"@context\":\"https:\/\/schema.org\",\"@graph\":[{\"@type\":\"WebPage\",\"@id\":\"https:\/\/genclercanta.com\/es\/urunler\/mochila-azul-marino-yfk\/\",\"url\":\"https:\/\/genclercanta.com\/es\/urunler\/mochila-azul-marino-yfk\/\",\"name\":\"MOCHILA AZUL MARINO YFK - Promosyon \u00c7anta imalat\u0131, \u00dcretimi, \u00c7anta imalat\u00e7\u0131s\u0131 \u00dcreticisi istanbul\",\"isPartOf\":{\"@id\":\"https:\/\/genclercanta.com\/es\/#website\"},\"primaryImageOfPage\":{\"@id\":\"https:\/\/genclercanta.com\/es\/urunler\/mochila-azul-marino-yfk\/#primaryimage\"},\"image\":{\"@id\":\"https:\/\/genclercanta.com\/es\/urunler\/mochila-azul-marino-yfk\/#primaryimage\"},\"thumbnailUrl\":\"https:\/\/genclercanta.com\/wp-content\/uploads\/2020\/10\/YFK-08-2.jpg\",\"datePublished\":\"2020-10-20T21:54:54+00:00\",\"description\":\"MOCHILA AZUL MARINO YFK\",\"breadcrumb\":{\"@id\":\"https:\/\/genclercanta.com\/es\/urunler\/mochila-azul-marino-yfk\/#breadcrumb\"},\"inLanguage\":\"es\",\"potentialAction\":[{\"@type\":\"ReadAction\",\"target\":[\"https:\/\/genclercanta.com\/es\/urunler\/mochila-azul-marino-yfk\/\"]}]},{\"@type\":\"ImageObject\",\"inLanguage\":\"es\",\"@id\":\"https:\/\/genclercanta.com\/es\/urunler\/mochila-azul-marino-yfk\/#primaryimage\",\"url\":\"https:\/\/genclercanta.com\/wp-content\/uploads\/2020\/10\/YFK-08-2.jpg\",\"contentUrl\":\"https:\/\/genclercanta.com\/wp-content\/uploads\/2020\/10\/YFK-08-2.jpg\",\"width\":800,\"height\":600},{\"@type\":\"BreadcrumbList\",\"@id\":\"https:\/\/genclercanta.com\/es\/urunler\/mochila-azul-marino-yfk\/#breadcrumb\",\"itemListElement\":[{\"@type\":\"ListItem\",\"position\":1,\"name\":\"Ana sayfa\",\"item\":\"https:\/\/genclercanta.com\/es\/pagina-principal\/\"},{\"@type\":\"ListItem\",\"position\":2,\"name\":\"Tienda\",\"item\":\"https:\/\/genclercanta.com\/es\/tienda\/\"},{\"@type\":\"ListItem\",\"position\":3,\"name\":\"MOCHILA AZUL MARINO YFK\"}]},{\"@type\":\"WebSite\",\"@id\":\"https:\/\/genclercanta.com\/es\/#website\",\"url\":\"https:\/\/genclercanta.com\/es\/\",\"name\":\"Promosyon \u00c7anta imalat\u0131, \u00dcretimi, \u00c7anta imalat\u00e7\u0131s\u0131 \u00dcreticisi istanbul\",\"description\":\"T\u00fcrkiyenin Toptan, Promosyon \u00c7anta \u0130malat\u00e7\u0131s\u0131\",\"publisher\":{\"@id\":\"https:\/\/genclercanta.com\/es\/#organization\"},\"alternateName\":\"Gen\u00e7ler \u00c7anta\",\"potentialAction\":[{\"@type\":\"SearchAction\",\"target\":{\"@type\":\"EntryPoint\",\"urlTemplate\":\"https:\/\/genclercanta.com\/es\/?s={search_term_string}\"},\"query-input\":{\"@type\":\"PropertyValueSpecification\",\"valueRequired\":true,\"valueName\":\"search_term_string\"}}],\"inLanguage\":\"es\"},{\"@type\":\"Organization\",\"@id\":\"https:\/\/genclercanta.com\/es\/#organization\",\"name\":\"Promosyon \u00c7anta imalat\u0131, \u00dcretimi, \u00c7anta imalat\u00e7\u0131s\u0131 \u00dcreticisi istanbul\",\"alternateName\":\"Gen\u00e7ler \u00c7anta\",\"url\":\"https:\/\/genclercanta.com\/es\/\",\"logo\":{\"@type\":\"ImageObject\",\"inLanguage\":\"es\",\"@id\":\"https:\/\/genclercanta.com\/es\/#\/schema\/logo\/image\/\",\"url\":\"https:\/\/genclercanta.com\/wp-content\/uploads\/2020\/10\/gencler-canta-logo.jpg\",\"contentUrl\":\"https:\/\/genclercanta.com\/wp-content\/uploads\/2020\/10\/gencler-canta-logo.jpg\",\"width\":600,\"height\":133,\"caption\":\"Promosyon \u00c7anta imalat\u0131, \u00dcretimi, \u00c7anta imalat\u00e7\u0131s\u0131 \u00dcreticisi istanbul\"},\"image\":{\"@id\":\"https:\/\/genclercanta.com\/es\/#\/schema\/logo\/image\/\"},\"sameAs\":[\"https:\/\/www.facebook.com\/GenclerCantacom\/\",\"https:\/\/www.instagram.com\/genclercanta\/\"]}]}<\/script>\n<!-- \/ Yoast SEO plugin. -->","yoast_head_json":{"title":"MOCHILA AZUL MARINO YFK - Promosyon \u00c7anta imalat\u0131, \u00dcretimi, \u00c7anta imalat\u00e7\u0131s\u0131 \u00dcreticisi istanbul","description":"MOCHILA AZUL MARINO YFK","robots":{"index":"index","follow":"follow","max-snippet":"max-snippet:-1","max-image-preview":"max-image-preview:large","max-video-preview":"max-video-preview:-1"},"canonical":"https:\/\/genclercanta.com\/es\/urunler\/mochila-azul-marino-yfk\/","og_locale":"es_ES","og_type":"article","og_title":"MOCHILA AZUL MARINO YFK - Promosyon \u00c7anta imalat\u0131, \u00dcretimi, \u00c7anta imalat\u00e7\u0131s\u0131 \u00dcreticisi istanbul","og_description":"MOCHILA AZUL MARINO YFK","og_url":"https:\/\/genclercanta.com\/es\/urunler\/mochila-azul-marino-yfk\/","og_site_name":"Promosyon \u00c7anta imalat\u0131, \u00dcretimi, \u00c7anta imalat\u00e7\u0131s\u0131 \u00dcreticisi istanbul","article_publisher":"https:\/\/www.facebook.com\/GenclerCantacom\/","og_image":[{"width":800,"height":600,"url":"https:\/\/genclercanta.com\/wp-content\/uploads\/2020\/10\/YFK-08-2.jpg","type":"image\/jpeg"}],"schema":{"@context":"https:\/\/schema.org","@graph":[{"@type":"WebPage","@id":"https:\/\/genclercanta.com\/es\/urunler\/mochila-azul-marino-yfk\/","url":"https:\/\/genclercanta.com\/es\/urunler\/mochila-azul-marino-yfk\/","name":"MOCHILA AZUL MARINO YFK - Promosyon \u00c7anta imalat\u0131, \u00dcretimi, \u00c7anta imalat\u00e7\u0131s\u0131 \u00dcreticisi istanbul","isPartOf":{"@id":"https:\/\/genclercanta.com\/es\/#website"},"primaryImageOfPage":{"@id":"https:\/\/genclercanta.com\/es\/urunler\/mochila-azul-marino-yfk\/#primaryimage"},"image":{"@id":"https:\/\/genclercanta.com\/es\/urunler\/mochila-azul-marino-yfk\/#primaryimage"},"thumbnailUrl":"https:\/\/genclercanta.com\/wp-content\/uploads\/2020\/10\/YFK-08-2.jpg","datePublished":"2020-10-20T21:54:54+00:00","description":"MOCHILA AZUL MARINO YFK","breadcrumb":{"@id":"https:\/\/genclercanta.com\/es\/urunler\/mochila-azul-marino-yfk\/#breadcrumb"},"inLanguage":"es","potentialAction":[{"@type":"ReadAction","target":["https:\/\/genclercanta.com\/es\/urunler\/mochila-azul-marino-yfk\/"]}]},{"@type":"ImageObject","inLanguage":"es","@id":"https:\/\/genclercanta.com\/es\/urunler\/mochila-azul-marino-yfk\/#primaryimage","url":"https:\/\/genclercanta.com\/wp-content\/uploads\/2020\/10\/YFK-08-2.jpg","contentUrl":"https:\/\/genclercanta.com\/wp-content\/uploads\/2020\/10\/YFK-08-2.jpg","width":800,"height":600},{"@type":"BreadcrumbList","@id":"https:\/\/genclercanta.com\/es\/urunler\/mochila-azul-marino-yfk\/#breadcrumb","itemListElement":[{"@type":"ListItem","position":1,"name":"Ana sayfa","item":"https:\/\/genclercanta.com\/es\/pagina-principal\/"},{"@type":"ListItem","position":2,"name":"Tienda","item":"https:\/\/genclercanta.com\/es\/tienda\/"},{"@type":"ListItem","position":3,"name":"MOCHILA AZUL MARINO YFK"}]},{"@type":"WebSite","@id":"https:\/\/genclercanta.com\/es\/#website","url":"https:\/\/genclercanta.com\/es\/","name":"Promosyon \u00c7anta imalat\u0131, \u00dcretimi, \u00c7anta imalat\u00e7\u0131s\u0131 \u00dcreticisi istanbul","description":"T\u00fcrkiyenin Toptan, Promosyon \u00c7anta \u0130malat\u00e7\u0131s\u0131","publisher":{"@id":"https:\/\/genclercanta.com\/es\/#organization"},"alternateName":"Gen\u00e7ler \u00c7anta","potentialAction":[{"@type":"SearchAction","target":{"@type":"EntryPoint","urlTemplate":"https:\/\/genclercanta.com\/es\/?s={search_term_string}"},"query-input":{"@type":"PropertyValueSpecification","valueRequired":true,"valueName":"search_term_string"}}],"inLanguage":"es"},{"@type":"Organization","@id":"https:\/\/genclercanta.com\/es\/#organization","name":"Promosyon \u00c7anta imalat\u0131, \u00dcretimi, \u00c7anta imalat\u00e7\u0131s\u0131 \u00dcreticisi istanbul","alternateName":"Gen\u00e7ler \u00c7anta","url":"https:\/\/genclercanta.com\/es\/","logo":{"@type":"ImageObject","inLanguage":"es","@id":"https:\/\/genclercanta.com\/es\/#\/schema\/logo\/image\/","url":"https:\/\/genclercanta.com\/wp-content\/uploads\/2020\/10\/gencler-canta-logo.jpg","contentUrl":"https:\/\/genclercanta.com\/wp-content\/uploads\/2020\/10\/gencler-canta-logo.jpg","width":600,"height":133,"caption":"Promosyon \u00c7anta imalat\u0131, \u00dcretimi, \u00c7anta imalat\u00e7\u0131s\u0131 \u00dcreticisi istanbul"},"image":{"@id":"https:\/\/genclercanta.com\/es\/#\/schema\/logo\/image\/"},"sameAs":["https:\/\/www.facebook.com\/GenclerCantacom\/","https:\/\/www.instagram.com\/genclercanta\/"]}]}},"_links":{"self":[{"href":"https:\/\/genclercanta.com\/es\/wp-json\/wp\/v2\/product\/126627","targetHints":{"allow":["GET"]}}],"collection":[{"href":"https:\/\/genclercanta.com\/es\/wp-json\/wp\/v2\/product"}],"about":[{"href":"https:\/\/genclercanta.com\/es\/wp-json\/wp\/v2\/types\/product"}],"replies":[{"embeddable":true,"href":"https:\/\/genclercanta.com\/es\/wp-json\/wp\/v2\/comments?post=126627"}],"wp:featuredmedia":[{"embeddable":true,"href":"https:\/\/genclercanta.com\/es\/wp-json\/wp\/v2\/media\/56231"}],"wp:attachment":[{"href":"https:\/\/genclercanta.com\/es\/wp-json\/wp\/v2\/media?parent=126627"}],"wp:term":[{"taxonomy":"product_brand","embeddable":true,"href":"https:\/\/genclercanta.com\/es\/wp-json\/wp\/v2\/product_brand?post=126627"},{"taxonomy":"product_cat","embeddable":true,"href":"https:\/\/genclercanta.com\/es\/wp-json\/wp\/v2\/product_cat?post=126627"},{"taxonomy":"product_tag","embeddable":true,"href":"https:\/\/genclercanta.com\/es\/wp-json\/wp\/v2\/product_tag?post=126627"}],"curies":[{"name":"wp","href":"https:\/\/api.w.org\/{rel}","templated":true}]}}

<p>El bolso YFK está hecho para quienes siempre están en movimiento. Ya sea en la ciudad, de vacaciones o en un festival, ¡lleva todos tus objetos de valor con las manos libres, de forma segura y con fácil acceso en todo momento!</p>
<p>Características:</p>
<p>&#8211; Tejido 100 % algodón<br />
&#8211; Cremallera de hierro de primera calidad<br />
&#8211; Correa de hombro ajustable<br />
&#8211; Bolsillo frontal<br />
&#8211; Compartimento interior para portátil<br />
&#8211; Estampado en frío Fudela</p>
<p>Dimensiones: 39 x 28 x 10 cm</p>

<!-- This site is optimized with the Yoast SEO plugin v26.3 - https://yoast.com/wordpress/plugins/seo/ -->
<title>MOCHILA AZUL MARINO YFK - Promosyon Çanta imalatı, Üretimi, Çanta imalatçısı Üreticisi istanbul</title>
<meta name="description" content="MOCHILA AZUL MARINO YFK" />
<meta name="robots" content="index, follow, max-snippet:-1, max-image-preview:large, max-video-preview:-1" />
<link rel="canonical" href="https://genclercanta.com/es/urunler/mochila-azul-marino-yfk/" />
<meta property="og:locale" content="es_ES" />
<meta property="og:type" content="article" />
<meta property="og:title" content="MOCHILA AZUL MARINO YFK - Promosyon Çanta imalatı, Üretimi, Çanta imalatçısı Üreticisi istanbul" />
<meta property="og:description" content="MOCHILA AZUL MARINO YFK" />
<meta property="og:url" content="https://genclercanta.com/es/urunler/mochila-azul-marino-yfk/" />
<meta property="og:site_name" content="Promosyon Çanta imalatı, Üretimi, Çanta imalatçısı Üreticisi istanbul" />
<meta property="article:publisher" content="https://www.facebook.com/GenclerCantacom/" />
<meta property="og:image" content="https://genclercanta.com/wp-content/uploads/2020/10/YFK-08-2.jpg" />
	<meta property="og:image:width" content="800" />
	<meta property="og:image:height" content="600" />
	<meta property="og:image:type" content="image/jpeg" />
<script type="application/ld+json" class="yoast-schema-graph">{"@context":"https://schema.org","@graph":[{"@type":"WebPage","@id":"https://genclercanta.com/es/urunler/mochila-azul-marino-yfk/","url":"https://genclercanta.com/es/urunler/mochila-azul-marino-yfk/","name":"MOCHILA AZUL MARINO YFK - Promosyon Çanta imalatı, Üretimi, Çanta imalatçısı Üreticisi istanbul","isPartOf":{"@id":"https://genclercanta.com/es/#website"},"primaryImageOfPage":{"@id":"https://genclercanta.com/es/urunler/mochila-azul-marino-yfk/#primaryimage"},"image":{"@id":"https://genclercanta.com/es/urunler/mochila-azul-marino-yfk/#primaryimage"},"thumbnailUrl":"https://genclercanta.com/wp-content/uploads/2020/10/YFK-08-2.jpg","datePublished":"2020-10-20T21:54:54+00:00","description":"MOCHILA AZUL MARINO YFK","breadcrumb":{"@id":"https://genclercanta.com/es/urunler/mochila-azul-marino-yfk/#breadcrumb"},"inLanguage":"es","potentialAction":[{"@type":"ReadAction","target":["https://genclercanta.com/es/urunler/mochila-azul-marino-yfk/"]}]},{"@type":"ImageObject","inLanguage":"es","@id":"https://genclercanta.com/es/urunler/mochila-azul-marino-yfk/#primaryimage","url":"https://genclercanta.com/wp-content/uploads/2020/10/YFK-08-2.jpg","contentUrl":"https://genclercanta.com/wp-content/uploads/2020/10/YFK-08-2.jpg","width":800,"height":600},{"@type":"BreadcrumbList","@id":"https://genclercanta.com/es/urunler/mochila-azul-marino-yfk/#breadcrumb","itemListElement":[{"@type":"ListItem","position":1,"name":"Ana sayfa","item":"https://genclercanta.com/es/pagina-principal/"},{"@type":"ListItem","position":2,"name":"Tienda","item":"https://genclercanta.com/es/tienda/"},{"@type":"ListItem","position":3,"name":"MOCHILA AZUL MARINO YFK"}]},{"@type":"WebSite","@id":"https://genclercanta.com/es/#website","url":"https://genclercanta.com/es/","name":"Promosyon Çanta imalatı, Üretimi, Çanta imalatçısı Üreticisi istanbul","description":"Türkiyenin Toptan, Promosyon Çanta İmalatçısı","publisher":{"@id":"https://genclercanta.com/es/#organization"},"alternateName":"Gençler Çanta","potentialAction":[{"@type":"SearchAction","target":{"@type":"EntryPoint","urlTemplate":"https://genclercanta.com/es/?s={search_term_string}"},"query-input":{"@type":"PropertyValueSpecification","valueRequired":true,"valueName":"search_term_string"}}],"inLanguage":"es"},{"@type":"Organization","@id":"https://genclercanta.com/es/#organization","name":"Promosyon Çanta imalatı, Üretimi, Çanta imalatçısı Üreticisi istanbul","alternateName":"Gençler Çanta","url":"https://genclercanta.com/es/","logo":{"@type":"ImageObject","inLanguage":"es","@id":"https://genclercanta.com/es/#/schema/logo/image/","url":"https://genclercanta.com/wp-content/uploads/2020/10/gencler-canta-logo.jpg","contentUrl":"https://genclercanta.com/wp-content/uploads/2020/10/gencler-canta-logo.jpg","width":600,"height":133,"caption":"Promosyon Çanta imalatı, Üretimi, Çanta imalatçısı Üreticisi istanbul"},"image":{"@id":"https://genclercanta.com/es/#/schema/logo/image/"},"sameAs":["https://www.facebook.com/GenclerCantacom/","https://www.instagram.com/genclercanta/"]}]}</script>
<!-- / Yoast SEO plugin. -->

MOCHILA AZUL MARINO YFK - Promosyon Çanta imalatı, Üretimi, Çanta imalatçısı Üreticisi istanbul

Promosyon Çanta imalatı, Üretimi, Çanta imalatçısı Üreticisi istanbul

Türkiyenin Toptan, Promosyon Çanta İmalatçısı

Gençler Çanta
