{"id":126360,"date":"2020-10-20T22:00:42","date_gmt":"2020-10-20T22:00:42","guid":{"rendered":"https:\/\/genclercanta.com\/urunler\/sac-a-dos-noir-kjm\/"},"modified":"2020-10-20T22:00:42","modified_gmt":"2020-10-20T22:00:42","slug":"sac-a-dos-noir-kjm","status":"publish","type":"product","link":"https:\/\/genclercanta.com\/fr\/urunler\/sac-a-dos-noir-kjm\/","title":{"rendered":"Sac \u00e0 dos noir KJM"},"content":{"rendered":"<p>Sac \u00e0 dos KJM<\/p>\n<p>KJM allie harmonieusement design r\u00e9tro et moderne, pour une \u00e9l\u00e9gance discr\u00e8te en toutes circonstances. Affirmez votre style avec ce classique revisit\u00e9, que ce soit pour un caf\u00e9 entre amis ou un trajet en m\u00e9tro !<\/p>\n<p>Caract\u00e9ristiques :<\/p>\n<p>\u2013 Tissu polyester \u00e9cologique<\/p>\n<p>\u2013 Bretelles rembourr\u00e9es et r\u00e9glables<\/p>\n<p>\u2013 Rembourrage dorsal suppl\u00e9mentaire<\/p>\n<p>\u2013 Grande poche avant<\/p>\n<p>\u2013 Int\u00e9rieur doubl\u00e9<\/p>\n<p>\u2013 Large poign\u00e9e de transport pour un confort optimal<\/p>\n<p>\u2013 Broderie Fudela exclusive<\/p>\n<p>Dimensions : 12 x 29 x 41 cm<\/p>\n<p>Volume int\u00e9rieur : 18 L<\/p>\n","protected":false},"excerpt":{"rendered":"<p>Sac \u00e0 dos noir KJM<\/p>\n","protected":false},"featured_media":59899,"comment_status":"closed","ping_status":"closed","template":"","meta":[],"product_brand":[],"product_cat":[524],"product_tag":[900,902,901,829],"class_list":{"0":"post-126360","1":"product","2":"type-product","3":"status-publish","4":"has-post-thumbnail","6":"product_cat-kjm-fr","7":"product_tag-fudela-fr","8":"product_tag-lier","9":"product_tag-sac","10":"product_tag-sac-a-dos","12":"first","13":"instock","14":"shipping-taxable","15":"purchasable","16":"product-type-simple"},"yoast_head":"<!-- This site is optimized with the Yoast SEO plugin v26.3 - https:\/\/yoast.com\/wordpress\/plugins\/seo\/ -->\n<title>Sac \u00e0 dos noir KJM - Promosyon \u00c7anta imalat\u0131, \u00dcretimi, \u00c7anta imalat\u00e7\u0131s\u0131 \u00dcreticisi istanbul<\/title>\n<meta name=\"description\" content=\"Sac \u00e0 dos noir KJM\" \/>\n<meta name=\"robots\" content=\"index, follow, max-snippet:-1, max-image-preview:large, max-video-preview:-1\" \/>\n<link rel=\"canonical\" href=\"https:\/\/genclercanta.com\/fr\/urunler\/sac-a-dos-noir-kjm\/\" \/>\n<meta property=\"og:locale\" content=\"fr_FR\" \/>\n<meta property=\"og:type\" content=\"article\" \/>\n<meta property=\"og:title\" content=\"Sac \u00e0 dos noir KJM - Promosyon \u00c7anta imalat\u0131, \u00dcretimi, \u00c7anta imalat\u00e7\u0131s\u0131 \u00dcreticisi istanbul\" \/>\n<meta property=\"og:description\" content=\"Sac \u00e0 dos noir KJM\" \/>\n<meta property=\"og:url\" content=\"https:\/\/genclercanta.com\/fr\/urunler\/sac-a-dos-noir-kjm\/\" \/>\n<meta property=\"og:site_name\" content=\"Promosyon \u00c7anta imalat\u0131, \u00dcretimi, \u00c7anta imalat\u00e7\u0131s\u0131 \u00dcreticisi istanbul\" \/>\n<meta property=\"article:publisher\" content=\"https:\/\/www.facebook.com\/GenclerCantacom\/\" \/>\n<meta property=\"og:image\" content=\"https:\/\/genclercanta.com\/wp-content\/uploads\/2020\/10\/MGL9731.jpg\" \/>\n\t<meta property=\"og:image:width\" content=\"1500\" \/>\n\t<meta property=\"og:image:height\" content=\"1250\" \/>\n\t<meta property=\"og:image:type\" content=\"image\/jpeg\" \/>\n<script type=\"application\/ld+json\" class=\"yoast-schema-graph\">{\"@context\":\"https:\/\/schema.org\",\"@graph\":[{\"@type\":\"WebPage\",\"@id\":\"https:\/\/genclercanta.com\/fr\/urunler\/sac-a-dos-noir-kjm\/\",\"url\":\"https:\/\/genclercanta.com\/fr\/urunler\/sac-a-dos-noir-kjm\/\",\"name\":\"Sac \u00e0 dos noir KJM - Promosyon \u00c7anta imalat\u0131, \u00dcretimi, \u00c7anta imalat\u00e7\u0131s\u0131 \u00dcreticisi istanbul\",\"isPartOf\":{\"@id\":\"https:\/\/genclercanta.com\/fr\/#website\"},\"primaryImageOfPage\":{\"@id\":\"https:\/\/genclercanta.com\/fr\/urunler\/sac-a-dos-noir-kjm\/#primaryimage\"},\"image\":{\"@id\":\"https:\/\/genclercanta.com\/fr\/urunler\/sac-a-dos-noir-kjm\/#primaryimage\"},\"thumbnailUrl\":\"https:\/\/genclercanta.com\/wp-content\/uploads\/2020\/10\/MGL9731.jpg\",\"datePublished\":\"2020-10-20T22:00:42+00:00\",\"description\":\"Sac \u00e0 dos noir KJM\",\"breadcrumb\":{\"@id\":\"https:\/\/genclercanta.com\/fr\/urunler\/sac-a-dos-noir-kjm\/#breadcrumb\"},\"inLanguage\":\"fr-FR\",\"potentialAction\":[{\"@type\":\"ReadAction\",\"target\":[\"https:\/\/genclercanta.com\/fr\/urunler\/sac-a-dos-noir-kjm\/\"]}]},{\"@type\":\"ImageObject\",\"inLanguage\":\"fr-FR\",\"@id\":\"https:\/\/genclercanta.com\/fr\/urunler\/sac-a-dos-noir-kjm\/#primaryimage\",\"url\":\"https:\/\/genclercanta.com\/wp-content\/uploads\/2020\/10\/MGL9731.jpg\",\"contentUrl\":\"https:\/\/genclercanta.com\/wp-content\/uploads\/2020\/10\/MGL9731.jpg\",\"width\":1500,\"height\":1250},{\"@type\":\"BreadcrumbList\",\"@id\":\"https:\/\/genclercanta.com\/fr\/urunler\/sac-a-dos-noir-kjm\/#breadcrumb\",\"itemListElement\":[{\"@type\":\"ListItem\",\"position\":1,\"name\":\"Ana sayfa\",\"item\":\"https:\/\/genclercanta.com\/fr\/accueil\/\"},{\"@type\":\"ListItem\",\"position\":2,\"name\":\"Boutique\",\"item\":\"https:\/\/genclercanta.com\/fr\/boutique\/\"},{\"@type\":\"ListItem\",\"position\":3,\"name\":\"Sac \u00e0 dos noir KJM\"}]},{\"@type\":\"WebSite\",\"@id\":\"https:\/\/genclercanta.com\/fr\/#website\",\"url\":\"https:\/\/genclercanta.com\/fr\/\",\"name\":\"Promosyon \u00c7anta imalat\u0131, \u00dcretimi, \u00c7anta imalat\u00e7\u0131s\u0131 \u00dcreticisi istanbul\",\"description\":\"T\u00fcrkiyenin Toptan, Promosyon \u00c7anta \u0130malat\u00e7\u0131s\u0131\",\"publisher\":{\"@id\":\"https:\/\/genclercanta.com\/fr\/#organization\"},\"alternateName\":\"Gen\u00e7ler \u00c7anta\",\"potentialAction\":[{\"@type\":\"SearchAction\",\"target\":{\"@type\":\"EntryPoint\",\"urlTemplate\":\"https:\/\/genclercanta.com\/fr\/?s={search_term_string}\"},\"query-input\":{\"@type\":\"PropertyValueSpecification\",\"valueRequired\":true,\"valueName\":\"search_term_string\"}}],\"inLanguage\":\"fr-FR\"},{\"@type\":\"Organization\",\"@id\":\"https:\/\/genclercanta.com\/fr\/#organization\",\"name\":\"Promosyon \u00c7anta imalat\u0131, \u00dcretimi, \u00c7anta imalat\u00e7\u0131s\u0131 \u00dcreticisi istanbul\",\"alternateName\":\"Gen\u00e7ler \u00c7anta\",\"url\":\"https:\/\/genclercanta.com\/fr\/\",\"logo\":{\"@type\":\"ImageObject\",\"inLanguage\":\"fr-FR\",\"@id\":\"https:\/\/genclercanta.com\/fr\/#\/schema\/logo\/image\/\",\"url\":\"https:\/\/genclercanta.com\/wp-content\/uploads\/2020\/10\/gencler-canta-logo.jpg\",\"contentUrl\":\"https:\/\/genclercanta.com\/wp-content\/uploads\/2020\/10\/gencler-canta-logo.jpg\",\"width\":600,\"height\":133,\"caption\":\"Promosyon \u00c7anta imalat\u0131, \u00dcretimi, \u00c7anta imalat\u00e7\u0131s\u0131 \u00dcreticisi istanbul\"},\"image\":{\"@id\":\"https:\/\/genclercanta.com\/fr\/#\/schema\/logo\/image\/\"},\"sameAs\":[\"https:\/\/www.facebook.com\/GenclerCantacom\/\",\"https:\/\/www.instagram.com\/genclercanta\/\"]}]}<\/script>\n<!-- \/ Yoast SEO plugin. -->","yoast_head_json":{"title":"Sac \u00e0 dos noir KJM - Promosyon \u00c7anta imalat\u0131, \u00dcretimi, \u00c7anta imalat\u00e7\u0131s\u0131 \u00dcreticisi istanbul","description":"Sac \u00e0 dos noir KJM","robots":{"index":"index","follow":"follow","max-snippet":"max-snippet:-1","max-image-preview":"max-image-preview:large","max-video-preview":"max-video-preview:-1"},"canonical":"https:\/\/genclercanta.com\/fr\/urunler\/sac-a-dos-noir-kjm\/","og_locale":"fr_FR","og_type":"article","og_title":"Sac \u00e0 dos noir KJM - Promosyon \u00c7anta imalat\u0131, \u00dcretimi, \u00c7anta imalat\u00e7\u0131s\u0131 \u00dcreticisi istanbul","og_description":"Sac \u00e0 dos noir KJM","og_url":"https:\/\/genclercanta.com\/fr\/urunler\/sac-a-dos-noir-kjm\/","og_site_name":"Promosyon \u00c7anta imalat\u0131, \u00dcretimi, \u00c7anta imalat\u00e7\u0131s\u0131 \u00dcreticisi istanbul","article_publisher":"https:\/\/www.facebook.com\/GenclerCantacom\/","og_image":[{"width":1500,"height":1250,"url":"https:\/\/genclercanta.com\/wp-content\/uploads\/2020\/10\/MGL9731.jpg","type":"image\/jpeg"}],"schema":{"@context":"https:\/\/schema.org","@graph":[{"@type":"WebPage","@id":"https:\/\/genclercanta.com\/fr\/urunler\/sac-a-dos-noir-kjm\/","url":"https:\/\/genclercanta.com\/fr\/urunler\/sac-a-dos-noir-kjm\/","name":"Sac \u00e0 dos noir KJM - Promosyon \u00c7anta imalat\u0131, \u00dcretimi, \u00c7anta imalat\u00e7\u0131s\u0131 \u00dcreticisi istanbul","isPartOf":{"@id":"https:\/\/genclercanta.com\/fr\/#website"},"primaryImageOfPage":{"@id":"https:\/\/genclercanta.com\/fr\/urunler\/sac-a-dos-noir-kjm\/#primaryimage"},"image":{"@id":"https:\/\/genclercanta.com\/fr\/urunler\/sac-a-dos-noir-kjm\/#primaryimage"},"thumbnailUrl":"https:\/\/genclercanta.com\/wp-content\/uploads\/2020\/10\/MGL9731.jpg","datePublished":"2020-10-20T22:00:42+00:00","description":"Sac \u00e0 dos noir KJM","breadcrumb":{"@id":"https:\/\/genclercanta.com\/fr\/urunler\/sac-a-dos-noir-kjm\/#breadcrumb"},"inLanguage":"fr-FR","potentialAction":[{"@type":"ReadAction","target":["https:\/\/genclercanta.com\/fr\/urunler\/sac-a-dos-noir-kjm\/"]}]},{"@type":"ImageObject","inLanguage":"fr-FR","@id":"https:\/\/genclercanta.com\/fr\/urunler\/sac-a-dos-noir-kjm\/#primaryimage","url":"https:\/\/genclercanta.com\/wp-content\/uploads\/2020\/10\/MGL9731.jpg","contentUrl":"https:\/\/genclercanta.com\/wp-content\/uploads\/2020\/10\/MGL9731.jpg","width":1500,"height":1250},{"@type":"BreadcrumbList","@id":"https:\/\/genclercanta.com\/fr\/urunler\/sac-a-dos-noir-kjm\/#breadcrumb","itemListElement":[{"@type":"ListItem","position":1,"name":"Ana sayfa","item":"https:\/\/genclercanta.com\/fr\/accueil\/"},{"@type":"ListItem","position":2,"name":"Boutique","item":"https:\/\/genclercanta.com\/fr\/boutique\/"},{"@type":"ListItem","position":3,"name":"Sac \u00e0 dos noir KJM"}]},{"@type":"WebSite","@id":"https:\/\/genclercanta.com\/fr\/#website","url":"https:\/\/genclercanta.com\/fr\/","name":"Promosyon \u00c7anta imalat\u0131, \u00dcretimi, \u00c7anta imalat\u00e7\u0131s\u0131 \u00dcreticisi istanbul","description":"T\u00fcrkiyenin Toptan, Promosyon \u00c7anta \u0130malat\u00e7\u0131s\u0131","publisher":{"@id":"https:\/\/genclercanta.com\/fr\/#organization"},"alternateName":"Gen\u00e7ler \u00c7anta","potentialAction":[{"@type":"SearchAction","target":{"@type":"EntryPoint","urlTemplate":"https:\/\/genclercanta.com\/fr\/?s={search_term_string}"},"query-input":{"@type":"PropertyValueSpecification","valueRequired":true,"valueName":"search_term_string"}}],"inLanguage":"fr-FR"},{"@type":"Organization","@id":"https:\/\/genclercanta.com\/fr\/#organization","name":"Promosyon \u00c7anta imalat\u0131, \u00dcretimi, \u00c7anta imalat\u00e7\u0131s\u0131 \u00dcreticisi istanbul","alternateName":"Gen\u00e7ler \u00c7anta","url":"https:\/\/genclercanta.com\/fr\/","logo":{"@type":"ImageObject","inLanguage":"fr-FR","@id":"https:\/\/genclercanta.com\/fr\/#\/schema\/logo\/image\/","url":"https:\/\/genclercanta.com\/wp-content\/uploads\/2020\/10\/gencler-canta-logo.jpg","contentUrl":"https:\/\/genclercanta.com\/wp-content\/uploads\/2020\/10\/gencler-canta-logo.jpg","width":600,"height":133,"caption":"Promosyon \u00c7anta imalat\u0131, \u00dcretimi, \u00c7anta imalat\u00e7\u0131s\u0131 \u00dcreticisi istanbul"},"image":{"@id":"https:\/\/genclercanta.com\/fr\/#\/schema\/logo\/image\/"},"sameAs":["https:\/\/www.facebook.com\/GenclerCantacom\/","https:\/\/www.instagram.com\/genclercanta\/"]}]}},"_links":{"self":[{"href":"https:\/\/genclercanta.com\/fr\/wp-json\/wp\/v2\/product\/126360","targetHints":{"allow":["GET"]}}],"collection":[{"href":"https:\/\/genclercanta.com\/fr\/wp-json\/wp\/v2\/product"}],"about":[{"href":"https:\/\/genclercanta.com\/fr\/wp-json\/wp\/v2\/types\/product"}],"replies":[{"embeddable":true,"href":"https:\/\/genclercanta.com\/fr\/wp-json\/wp\/v2\/comments?post=126360"}],"wp:featuredmedia":[{"embeddable":true,"href":"https:\/\/genclercanta.com\/fr\/wp-json\/wp\/v2\/media\/59899"}],"wp:attachment":[{"href":"https:\/\/genclercanta.com\/fr\/wp-json\/wp\/v2\/media?parent=126360"}],"wp:term":[{"taxonomy":"product_brand","embeddable":true,"href":"https:\/\/genclercanta.com\/fr\/wp-json\/wp\/v2\/product_brand?post=126360"},{"taxonomy":"product_cat","embeddable":true,"href":"https:\/\/genclercanta.com\/fr\/wp-json\/wp\/v2\/product_cat?post=126360"},{"taxonomy":"product_tag","embeddable":true,"href":"https:\/\/genclercanta.com\/fr\/wp-json\/wp\/v2\/product_tag?post=126360"}],"curies":[{"name":"wp","href":"https:\/\/api.w.org\/{rel}","templated":true}]}}

Sac à dos noir KJM

<p>Sac à dos KJM</p>
<p>KJM allie harmonieusement design rétro et moderne, pour une élégance discrète en toutes circonstances. Affirmez votre style avec ce classique revisité, que ce soit pour un café entre amis ou un trajet en métro !</p>
<p>Caractéristiques :</p>
<p>– Tissu polyester écologique</p>
<p>– Bretelles rembourrées et réglables</p>
<p>– Rembourrage dorsal supplémentaire</p>
<p>– Grande poche avant</p>
<p>– Intérieur doublé</p>
<p>– Large poignée de transport pour un confort optimal</p>
<p>– Broderie Fudela exclusive</p>
<p>Dimensions : 12 x 29 x 41 cm</p>
<p>Volume intérieur : 18 L</p>

<p>Sac à dos noir KJM</p>

<!-- This site is optimized with the Yoast SEO plugin v26.3 - https://yoast.com/wordpress/plugins/seo/ -->
<title>Sac à dos noir KJM - Promosyon Çanta imalatı, Üretimi, Çanta imalatçısı Üreticisi istanbul</title>
<meta name="description" content="Sac à dos noir KJM" />
<meta name="robots" content="index, follow, max-snippet:-1, max-image-preview:large, max-video-preview:-1" />
<link rel="canonical" href="https://genclercanta.com/fr/urunler/sac-a-dos-noir-kjm/" />
<meta property="og:locale" content="fr_FR" />
<meta property="og:type" content="article" />
<meta property="og:title" content="Sac à dos noir KJM - Promosyon Çanta imalatı, Üretimi, Çanta imalatçısı Üreticisi istanbul" />
<meta property="og:description" content="Sac à dos noir KJM" />
<meta property="og:url" content="https://genclercanta.com/fr/urunler/sac-a-dos-noir-kjm/" />
<meta property="og:site_name" content="Promosyon Çanta imalatı, Üretimi, Çanta imalatçısı Üreticisi istanbul" />
<meta property="article:publisher" content="https://www.facebook.com/GenclerCantacom/" />
<meta property="og:image" content="https://genclercanta.com/wp-content/uploads/2020/10/MGL9731.jpg" />
	<meta property="og:image:width" content="1500" />
	<meta property="og:image:height" content="1250" />
	<meta property="og:image:type" content="image/jpeg" />
<script type="application/ld+json" class="yoast-schema-graph">{"@context":"https://schema.org","@graph":[{"@type":"WebPage","@id":"https://genclercanta.com/fr/urunler/sac-a-dos-noir-kjm/","url":"https://genclercanta.com/fr/urunler/sac-a-dos-noir-kjm/","name":"Sac à dos noir KJM - Promosyon Çanta imalatı, Üretimi, Çanta imalatçısı Üreticisi istanbul","isPartOf":{"@id":"https://genclercanta.com/fr/#website"},"primaryImageOfPage":{"@id":"https://genclercanta.com/fr/urunler/sac-a-dos-noir-kjm/#primaryimage"},"image":{"@id":"https://genclercanta.com/fr/urunler/sac-a-dos-noir-kjm/#primaryimage"},"thumbnailUrl":"https://genclercanta.com/wp-content/uploads/2020/10/MGL9731.jpg","datePublished":"2020-10-20T22:00:42+00:00","description":"Sac à dos noir KJM","breadcrumb":{"@id":"https://genclercanta.com/fr/urunler/sac-a-dos-noir-kjm/#breadcrumb"},"inLanguage":"fr-FR","potentialAction":[{"@type":"ReadAction","target":["https://genclercanta.com/fr/urunler/sac-a-dos-noir-kjm/"]}]},{"@type":"ImageObject","inLanguage":"fr-FR","@id":"https://genclercanta.com/fr/urunler/sac-a-dos-noir-kjm/#primaryimage","url":"https://genclercanta.com/wp-content/uploads/2020/10/MGL9731.jpg","contentUrl":"https://genclercanta.com/wp-content/uploads/2020/10/MGL9731.jpg","width":1500,"height":1250},{"@type":"BreadcrumbList","@id":"https://genclercanta.com/fr/urunler/sac-a-dos-noir-kjm/#breadcrumb","itemListElement":[{"@type":"ListItem","position":1,"name":"Ana sayfa","item":"https://genclercanta.com/fr/accueil/"},{"@type":"ListItem","position":2,"name":"Boutique","item":"https://genclercanta.com/fr/boutique/"},{"@type":"ListItem","position":3,"name":"Sac à dos noir KJM"}]},{"@type":"WebSite","@id":"https://genclercanta.com/fr/#website","url":"https://genclercanta.com/fr/","name":"Promosyon Çanta imalatı, Üretimi, Çanta imalatçısı Üreticisi istanbul","description":"Türkiyenin Toptan, Promosyon Çanta İmalatçısı","publisher":{"@id":"https://genclercanta.com/fr/#organization"},"alternateName":"Gençler Çanta","potentialAction":[{"@type":"SearchAction","target":{"@type":"EntryPoint","urlTemplate":"https://genclercanta.com/fr/?s={search_term_string}"},"query-input":{"@type":"PropertyValueSpecification","valueRequired":true,"valueName":"search_term_string"}}],"inLanguage":"fr-FR"},{"@type":"Organization","@id":"https://genclercanta.com/fr/#organization","name":"Promosyon Çanta imalatı, Üretimi, Çanta imalatçısı Üreticisi istanbul","alternateName":"Gençler Çanta","url":"https://genclercanta.com/fr/","logo":{"@type":"ImageObject","inLanguage":"fr-FR","@id":"https://genclercanta.com/fr/#/schema/logo/image/","url":"https://genclercanta.com/wp-content/uploads/2020/10/gencler-canta-logo.jpg","contentUrl":"https://genclercanta.com/wp-content/uploads/2020/10/gencler-canta-logo.jpg","width":600,"height":133,"caption":"Promosyon Çanta imalatı, Üretimi, Çanta imalatçısı Üreticisi istanbul"},"image":{"@id":"https://genclercanta.com/fr/#/schema/logo/image/"},"sameAs":["https://www.facebook.com/GenclerCantacom/","https://www.instagram.com/genclercanta/"]}]}</script>
<!-- / Yoast SEO plugin. -->

Sac à dos noir KJM - Promosyon Çanta imalatı, Üretimi, Çanta imalatçısı Üreticisi istanbul

Promosyon Çanta imalatı, Üretimi, Çanta imalatçısı Üreticisi istanbul

Türkiyenin Toptan, Promosyon Çanta İmalatçısı

Gençler Çanta
